hat is the highest common factor of 14 and t?
14
Let i = -4 + 15. Suppose 3*d - 9 = -0. Suppose 0 = 5*o + b - 494, -d*o + 262 = 2*b - 33. Calculate the highest common factor of i and o.
11
Suppose -7*j = -2*j - 10. Let z be 324/j - (-2 + 2). What is the greatest common factor of z and 18?
18
Suppose 4*c = s - 20, -3*s = -c - 79 + 19. What is the highest common divisor of s and 60?
20
Let i be (1 - 22)*2/(-6). Let m = -167 + 195. Calculate the greatest common divisor of i and m.
7
Let i(p) = p**3 + 9*p**2 - 3*p - 9. Let q be i(-9). What is the highest common factor of 72 and q?
18
Let s(f) = 118*f**3 + 2*f**2 - 2*f + 1. Let b be s(1). Let m = -3 + 3. Let v be m/(-1) - (-15 + -2). What is the greatest common divisor of v and b?
17
Suppose -u + 7 = -105. Let x = 0 - -16. Calculate the greatest common factor of u and x.
16
Let t = -70 - -120. Let q be 27/(t/(-28) + 2). What is the highest common factor of 14 and q?
14
Let b = -165 + 235. Suppose 2*k - b - 26 = 0. Calculate the highest common divisor of k and 32.
16
Let l be (-11)/(-2*(-4)/(-184)). What is the greatest common factor of 23 and l?
23
Let i be 10/20*(-1044)/(-3). What is the greatest common factor of 6 and i?
6
Let x be 22*-4*1 - -3. Let b = 10 - 22. Let j be x/(-3) + 4/b. What is the greatest common divisor of 4 and j?
4
Suppose -56*v + 53*v = -99. Calculate the greatest common divisor of v and 3.
3
Let w be 1 + (-3 - (-2 - 3)). Suppose -m = -w*m + 14. What is the highest common divisor of 21 and m?
7
Let a = 2 + 2. Let y = a - 2. Suppose 6 = 5*z - 3*z - w, -z + 3*w - y = 0. Calculate the greatest common factor of z and 44.
4
Let d be 34/10 + (-10)/25. What is the highest common factor of d and 33?
3
Let v(s) = -s + 8. Let y be v(-7). What is the greatest common factor of 165 and y?
15
Suppose -3*b + 4*k + 36 = 0, -b - 4*k + 11 = -1. Let y = b - 7. What is the greatest common divisor of 5 and y?
5
Let y be (80/24)/(2 - (-33)/(-18)). What is the highest common factor of y and 4?
4
Let f = -19 - -30. Suppose 4*h - 33 = f. Suppose -4*i + t = -305, 2*i + 0*i - 3*t - 145 = 0. What is the greatest common factor of i and h?
11
Let x(c) = 2*c - 1. Let k be x(2). Suppose -v + 0*v - 2 = 0, -k*f = -2*v - 22. Suppose 5*s - f = -1. Calculate the highest common divisor of 1 and s.
1
Let r be 0 - (0/(-1))/2. Suppose r = -3*o - o + 24. Let b(l) = -3*l - 9. Let j be b(-7). What is the highest common factor of j and o?
6
Let d(m) = -m**3 - 2*m**2 + 3*m + 1. Let s be d(-3). Let c = 7 + 0. What is the highest common factor of c and s?
1
Let o = -42 - -211. What is the greatest common divisor of 13 and o?
13
Suppose 5*i - 12 + 2 = 0. What is the greatest common divisor of i and 34?
2
Let a = 6 + 54. Calculate the greatest common divisor of a and 20.
20
Let w be -3 + 2 + 4 + 2. Let s(z) = 13*z**2 + 2*z + 1. Let t be s(-1). Suppose 2 = -w*j + t. What is the highest common divisor of j and 22?
2
Let o = 16 - 4. Let a be (-12)/(-7) + o/42. Let x be (-1)/a + (-244)/(-8). Calculate the highest common divisor of 75 and x.
15
Let k(y) = y**2 - 13*y - 25. Let s be k(-8). Calculate the highest common factor of 13 and s.
13
Let p(j) = -j**2 + 8*j + 12. Let t(u) = -7*u + 4 + u**2 - 2*u**2 - 1. Let x be t(-6). Let q be p(x). Calculate the highest common factor of q and 3.
3
Let v(o) = 14*o**2 - 4*o. Let b be v(3). Let c be (-8)/(-28) - (-12)/7. Let q be c/(-4) - 156/(-8). What is the greatest common factor of b and q?
19
Let s(q) = -q + 3. Let h be 4/(-14) - (-2)/7. Let w be s(h). What is the greatest common factor of 21 and w?
3
Suppose 0 = -3*d + 60 + 45. What is the greatest common factor of d and 14?
7
Suppose 3*r = 4*r - 18. What is the highest common divisor of 72 and r?
18
Suppose 5 + 7 = 2*x. Calculate the greatest common factor of x and 2.
2
Let x be 3/((-9)/(-6)) - -8. Let a = x - 7. Suppose -14 = -a*p + p. What is the highest common factor of 35 and p?
7
Let h = 19 - -17. Suppose a - d - h = 0, -158 = -4*a - 2*d + 10. Suppose -32 = -2*s - 0*s. What is the highest common factor of s and a?
8
Suppose -15*g - 7 = -16*g. Calculate the greatest common factor of g and 7.
7
Let z(i) be the third derivative of i**5/60 + i**4/12 - 2*i**3/3 - 5*i**2. Let p be z(-5). What is the highest common divisor of 88 and p?
11
Suppose 2*l + 2*q = 22, -2*q + 53 = 5*l + 2*q. Let c be (l - 5)*(2 + -1). What is the greatest common divisor of 8 and c?
4
Let d be (-8)/(-12)*3 - -1. Suppose 0 = -d*t - 2*c + 37, -37 = -3*t + 4*c - 12. What is the greatest common factor of 33 and t?
11
Let f = -1 + 6. Suppose -f*z + 0*z + 40 = 0. Calculate the highest common divisor of 4 and z.
4
Let z(t) = t**3 - 3*t**2 - 4*t + 6. Let c be z(5). Suppose 9 = m + 2. Let k(u) = u + 2. Let b be k(m). Calculate the highest common divisor of c and b.
9
Let t = 3 + 1. Suppose -v - 3*v = -8. Let b be t - v/2 - 2. What is the greatest common factor of 7 and b?
1
Let d = 55 + -15. Calculate the greatest common divisor of d and 20.
20
Let o = 114 + -70. Calculate the highest common factor of o and 4.
4
Suppose 3*d - 109 = 179. What is the highest common divisor of 12 and d?
12
Let u(k) = 3*k**2 + 3*k - 4. Let l be u(-3). Let b = 4 + -3. Let x = b - -13. Calculate the highest common factor of l and x.
14
Let j be 4*-1*4/(-16). What is the highest common factor of 3 and j?
1
Suppose -i - 4*i = -35. Let l be i*(3 - 1)/2. Suppose -56 - 70 = -2*y. Calculate the greatest common factor of y and l.
7
Suppose 3*a + r = 19, 6*r = r - 10. Let v(n) = -34*n - 1. Let u be v(a). Let p = u - -335. What is the highest common divisor of 12 and p?
12
Suppose 4*t - 3*a = 61, 28 = 2*t - 0*t - 4*a. What is the greatest common factor of t and 16?
16
Let h(f) = 10*f - 4. Let p be h(8). Let t be (-3)/(-1) + p/4. Calculate the greatest common divisor of t and 11.
11
Let p = -25 + 38. Let y be ((-624)/(-14))/((-1)/(-7)). Suppose 0*q = 3*q - y. Calculate the highest common factor of q and p.
13
Suppose j - 3*i = 142, 0 = -0*j + 4*j - 4*i - 544. Calculate the highest common factor of j and 57.
19
Let v = 52 + -83. Suppose 5*q - 134 = 91. Let c = q + v. Calculate the greatest common factor of c and 42.
14
Let v(t) = -t**3 - 6*t**2 - 2*t. Suppose 0 = -3*g + 2*g + 6. Let o = 0 - g. Let k be v(o). What is the highest common factor of k and 132?
12
Let u(r) = 0 - 4*r**3 + 3*r**3 - 3*r - 6*r**2 - 3. Let q be u(-6). Calculate the highest common divisor of q and 10.
5
Suppose 3*a + 4 - 7 = 0. Let n = 2 - a. Calculate the greatest common factor of n and 3.
1
Let y = 2 - -5. Calculate the greatest common divisor of 21 and y.
7
Suppose 0*m = -4*m. Suppose -2*g + 3*a + 2*a + 9 = m, -2*a - 42 = -4*g. What is the greatest common factor of 120 and g?
12
Suppose -3*k - 24 = -5*k. Suppose -4*h + 2*o - k = 0, -o + 6*o = 3*h + 16. Let d be (0 - h)*(-7)/(-2). What is the highest common factor of d and 7?
7
Suppose -5*k + 4*k + 187 = 0. Let u = 43 + -26. What is the highest common divisor of k and u?
17
Let r(b) = 2*b - 3 - 5*b - b. Let w be r(-2). Let j(t) = 3*t - 16. Let p be j(7). What is the greatest common factor of w and p?
5
Let m(x) = 0 + 3 + 6 + x. Let b be m(-4). Suppose -g + 3*d + 18 = 0, -b*d + 18 = 4*g - 3. Calculate the greatest common divisor of g and 45.
9
Let r be (-25)/5*(-4)/10. Suppose o = -r*n + 6*o - 18, 4*n - 3*o = -22. Let x be n/(-14) + (-2460)/(-14). What is the highest common factor of 16 and x?
16
Suppose -5*d = -4*s + 42, d = 2*s - 2*d - 22. What is the greatest common divisor of s and 40?
8
Let m be 2 - 15/3 - -3. Let q be (-4)/2 + 12 + m. Calculate the greatest common factor of 20 and q.
10
Let k be (34 - 0) + 12/(-6). Calculate the greatest common factor of k and 256.
32
Let o(d) = -d**3 + d. Let c be o(2). Let k(x) = -x**3 - 4*x**2 + 3*x - 5. Let a be k(c). Calculate the highest common divisor of a and 7.
7
Let k = 12 - -12. Calculate the highest common factor of k and 36.
12
Suppose 16 - 2 = 2*n. What is the highest common divisor of n and 63?
7
Suppose 0 = -4*r - p + 78 + 7, -5*p + 95 = 5*r. Let z(b) = -4*b**3 - 3*b**2 - 6*b + 1. Let q be z(-2). Calculate the highest common divisor of r and q.
11
Suppose 4*i - 48 = 2*i. Let h be (4/10)/(2/30)*6. What is the greatest common divisor of i and h?
12
Let h(n) = -n**3 + 5*n**2 - 2*n + 7. Let g be h(5). Let p be 1 + -8*g/6. Supp